{"id":3432,"date":"2024-10-31T14:00:30","date_gmt":"2024-10-31T14:00:30","guid":{"rendered":"https:\/\/ajuda.grupopzm.com.br\/?page_id=3432"},"modified":"2024-10-31T14:00:31","modified_gmt":"2024-10-31T14:00:31","slug":"homepage-3","status":"publish","type":"page","link":"https:\/\/ajuda.grupopzm.com.br\/index.php\/es\/homepage-3\/","title":{"rendered":"Homepage"},"content":{"rendered":"\n<div class=\"bt-section-header\">\n<h2>CONTABLE<\/h2>\n<\/div>\n\n\n\n<div class=\"wp-block-columns is-layout-flex wp-container-core-columns-is-layout-1 wp-block-columns-is-layout-flex\">\n<div class=\"wp-block-column is-layout-flow wp-block-column-is-layout-flow\">\n<div class=\"wp-block-image\"><figure class=\"aligncenter is-resized\"><a href=\"\/index.php\/sumario\/?modulo=1350\"><img loading=\"lazy\" decoding=\"async\" src=\"\/wp-content\/uploads\/2019\/05\/conciliao_yellow-300x300.png\" alt=\"Conciliaci\u00f3n Contable\" class=\"wp-image-86\" width=\"150\" height=\"150\" srcset=\"https:\/\/ajuda.grupopzm.com.br\/wp-content\/uploads\/2019\/05\/conciliao_yellow-300x300.png 300w, https:\/\/ajuda.grupopzm.com.br\/wp-content\/uploads\/2019\/05\/conciliao_yellow-150x150.png 150w, https:\/\/ajuda.grupopzm.com.br\/wp-content\/uploads\/2019\/05\/conciliao_yellow-768x768.png 768w, https:\/\/ajuda.grupopzm.com.br\/wp-content\/uploads\/2019\/05\/conciliao_yellow-1024x1024.png 1024w, https:\/\/ajuda.grupopzm.com.br\/wp-content\/uploads\/2019\/05\/conciliao_yellow.png 1600w\" sizes=\"(max-width: 150px) 100vw, 150px\" \/><figcaption>CONCILIACI\u00d3N CONTABLE<\/figcaption><\/a><\/figure><\/div>\n<\/div>\n\n\n\n<div class=\"wp-block-column is-layout-flow wp-block-column-is-layout-flow\">\n<div class=\"wp-block-image\"><figure class=\"aligncenter is-resized\"><a href=\"\/index.php\/sumario\/?modulo=1344\"><img loading=\"lazy\" decoding=\"async\" src=\"https:\/\/ajuda.grupopzm.com.br\/wp-content\/uploads\/2019\/05\/fechamento_yellow-1024x1024.png\" alt=\"Cierre Contable\" class=\"wp-image-94\" width=\"150\" height=\"150\" srcset=\"https:\/\/ajuda.grupopzm.com.br\/wp-content\/uploads\/2019\/05\/fechamento_yellow-1024x1024.png 1024w, https:\/\/ajuda.grupopzm.com.br\/wp-content\/uploads\/2019\/05\/fechamento_yellow-150x150.png 150w, https:\/\/ajuda.grupopzm.com.br\/wp-content\/uploads\/2019\/05\/fechamento_yellow-300x300.png 300w, https:\/\/ajuda.grupopzm.com.br\/wp-content\/uploads\/2019\/05\/fechamento_yellow-768x768.png 768w, https:\/\/ajuda.grupopzm.com.br\/wp-content\/uploads\/2019\/05\/fechamento_yellow.png 1050w\" sizes=\"(max-width: 150px) 100vw, 150px\" \/><figcaption>CIERRE CONTABLE<\/figcaption><\/a><\/figure><\/div>\n<\/div>\n<\/div>\n\n\n\n<div class=\"bt-section-header\">\n<h2>FISCAL<\/h2>\n<\/div>\n\n\n\n<div class=\"wp-block-columns is-layout-flex wp-container-core-columns-is-layout-2 wp-block-columns-is-layout-flex\">\n<div class=\"wp-block-column is-layout-flow wp-block-column-is-layout-flow\">\n<div class=\"wp-block-image\"><figure class=\"aligncenter is-resized\"><a href=\"\/index.php\/sumario\/?modulo=1314\"><img loading=\"lazy\" decoding=\"async\" src=\"https:\/\/ajuda.grupopzm.com.br\/wp-content\/uploads\/2019\/05\/tax_yellow.png\" alt=\"Control Tributario\" class=\"wp-image-95\" width=\"150\" height=\"150\" srcset=\"https:\/\/ajuda.grupopzm.com.br\/wp-content\/uploads\/2019\/05\/tax_yellow.png 550w, https:\/\/ajuda.grupopzm.com.br\/wp-content\/uploads\/2019\/05\/tax_yellow-150x150.png 150w, https:\/\/ajuda.grupopzm.com.br\/wp-content\/uploads\/2019\/05\/tax_yellow-300x300.png 300w\" sizes=\"(max-width: 150px) 100vw, 150px\" \/><figcaption>CONTROL TRIBUTARIO<\/figcaption><\/a><\/figure><\/div>\n\n\n\n<div class=\"wp-block-image\"><figure class=\"aligncenter is-resized\"><a href=\"\/index.php\/sumario\/?modulo=53\"><img loading=\"lazy\" decoding=\"async\" src=\"https:\/\/ajuda.grupopzm.com.br\/wp-content\/uploads\/2019\/05\/intimcoes_yellow.png\" alt=\"Intimaciones\" class=\"wp-image-96\" width=\"150\" height=\"150\" srcset=\"https:\/\/ajuda.grupopzm.com.br\/wp-content\/uploads\/2019\/05\/intimcoes_yellow.png 550w, https:\/\/ajuda.grupopzm.com.br\/wp-content\/uploads\/2019\/05\/intimcoes_yellow-150x150.png 150w, https:\/\/ajuda.grupopzm.com.br\/wp-content\/uploads\/2019\/05\/intimcoes_yellow-300x300.png 300w\" sizes=\"(max-width: 150px) 100vw, 150px\" \/><figcaption>INTIMACIONES<\/figcaption><\/a><\/figure><\/div>\n<\/div>\n\n\n\n<div class=\"wp-block-column is-layout-flow wp-block-column-is-layout-flow\">\n<div class=\"wp-block-image\"><figure class=\"aligncenter is-resized\"><a href=\"\/index.php\/sumario\/?modulo=1330\"><img loading=\"lazy\" decoding=\"async\" src=\"\/wp-content\/uploads\/2019\/05\/certidoes_yellow.png\" alt=\"Certificado Negativo\" class=\"wp-image-93\" width=\"150\" height=\"150\" srcset=\"https:\/\/ajuda.grupopzm.com.br\/wp-content\/uploads\/2019\/05\/certidoes_yellow.png 512w, https:\/\/ajuda.grupopzm.com.br\/wp-content\/uploads\/2019\/05\/certidoes_yellow-150x150.png 150w, https:\/\/ajuda.grupopzm.com.br\/wp-content\/uploads\/2019\/05\/certidoes_yellow-300x300.png 300w\" sizes=\"(max-width: 150px) 100vw, 150px\" \/><figcaption>CERTIFICADO NEGATIVO<\/figcaption><\/a><\/figure><\/div>\n\n\n\n<!--div class=\"wp-block-image\"><figure class=\"aligncenter is-resized\"><a href=\"\/index.php\/sumario\/?modulo=8\"><img loading=\"lazy\" decoding=\"async\" src=\"https:\/\/ajuda.grupopzm.com.br\/wp-content\/uploads\/2019\/05\/aditoria_yellow.png\" alt=\"Obriga\u00e7\u00f5es Acess\u00f3rias\" class=\"wp-image-92\" width=\"150\" height=\"150\" srcset=\"https:\/\/ajuda.grupopzm.com.br\/wp-content\/uploads\/2019\/05\/aditoria_yellow.png 512w, https:\/\/ajuda.grupopzm.com.br\/wp-content\/uploads\/2019\/05\/aditoria_yellow-150x150.png 150w, https:\/\/ajuda.grupopzm.com.br\/wp-content\/uploads\/2019\/05\/aditoria_yellow-300x300.png 300w\" sizes=\"(max-width: 150px) 100vw, 150px\" \/><figcaption>OBRIGA\u00c7\u00d5ES ACESS\u00d3RIAS<\/figcaption><\/a><\/figure><\/div-->\n<\/div>\n<\/div>\n<div style='text-align:center' class='yasr-auto-insert-visitor'><\/div>","protected":false},"excerpt":{"rendered":"<p>CONTABLE CONCILIACI\u00d3N CONTABLE CIERRE CONTABLE FISCAL CONTROL TRIBUTARIO INTIMACIONES CERTIFICAD..<\/p>\n<div class=\"clear-fix\"><\/div>\n<p><a href=\"https:\/\/ajuda.grupopzm.com.br\/index.php\/es\/homepage-3\/\" title=\"read more...\">Read more<\/a><\/p>\n","protected":false},"author":6,"featured_media":0,"parent":0,"menu_order":0,"comment_status":"closed","ping_status":"closed","template":"full-width-template.php","meta":{"yasr_overall_rating":0,"yasr_post_is_review":"","yasr_auto_insert_disabled":"","yasr_review_type":"","footnotes":""},"class_list":["post-3432","page","type-page","status-publish","hentry"],"yasr_visitor_votes":{"stars_attributes":{"read_only":false,"span_bottom":false},"number_of_votes":0,"sum_votes":0},"_links":{"self":[{"href":"https:\/\/ajuda.grupopzm.com.br\/index.php\/wp-json\/wp\/v2\/pages\/3432"}],"collection":[{"href":"https:\/\/ajuda.grupopzm.com.br\/index.php\/wp-json\/wp\/v2\/pages"}],"about":[{"href":"https:\/\/ajuda.grupopzm.com.br\/index.php\/wp-json\/wp\/v2\/types\/page"}],"author":[{"embeddable":true,"href":"https:\/\/ajuda.grupopzm.com.br\/index.php\/wp-json\/wp\/v2\/users\/6"}],"replies":[{"embeddable":true,"href":"https:\/\/ajuda.grupopzm.com.br\/index.php\/wp-json\/wp\/v2\/comments?post=3432"}],"version-history":[{"count":1,"href":"https:\/\/ajuda.grupopzm.com.br\/index.php\/wp-json\/wp\/v2\/pages\/3432\/revisions"}],"predecessor-version":[{"id":3433,"href":"https:\/\/ajuda.grupopzm.com.br\/index.php\/wp-json\/wp\/v2\/pages\/3432\/revisions\/3433"}],"wp:attachment":[{"href":"https:\/\/ajuda.grupopzm.com.br\/index.php\/wp-json\/wp\/v2\/media?parent=3432"}],"curies":[{"name":"wp","href":"https:\/\/api.w.org\/{rel}","templated":true}]}}